e prime factors of 98425.
5, 31, 127
List the prime factors of 12004688.
2, 31, 24203
List the prime factors of 227367.
3, 7, 401
What are the prime factors of 4043347?
7, 11, 52511
List the prime factors of 89408.
2, 11, 127
What are the prime factors of 1229732?
2, 7, 37, 1187
List the prime factors of 475095.
3, 5, 19, 1667
List the prime factors of 499553.
59, 8467
List the prime factors of 1041487.
613, 1699
What are the prime factors of 2032035?
3, 5, 135469
List the prime factors of 1543657.
43, 35899
List the prime factors of 653576.
2, 7, 11, 1061
List the prime factors of 5409794.
2, 13, 19, 47, 233
What are the prime factors of 1542618?
2, 3, 7, 11, 53
What are the prime factors of 194187?
3, 7, 1321
List the prime factors of 11117923.
103, 107941
List the prime factors of 209344.
2, 3271
List the prime factors of 1304010.
2, 3, 5, 14489
What are the prime factors of 11411919?
3, 83, 15277
List the prime factors of 15415342.
2, 47, 163993
What are the prime factors of 663105?
3, 5, 44207
What are the prime factors of 298184?
2, 37273
List the prime factors of 808603.
808603
List the prime factors of 1774465.
5, 7, 11, 419
What are the prime factors of 950948?
2, 237737
List the prime factors of 3392308.
2, 37, 22921
List the prime factors of 173806.
2, 43, 47
What are the prime factors of 16536319?
229, 72211
What are the prime factors of 33113164?
2, 7, 149, 7937
What are the prime factors of 682195?
5, 19, 43, 167
What are the prime factors of 2390288?
2, 149393
What are the prime factors of 23622679?
23, 431, 2383
List the prime factors of 759395.
5, 7, 13, 1669
List the prime factors of 229560.
2, 3, 5, 1913
What are the prime factors of 20867044?
2, 11, 647, 733
List the prime factors of 573194.
2, 463, 619
List the prime factors of 16981.
16981
List the prime factors of 902727.
3, 7, 23, 89
What are the prime factors of 770795?
5, 154159
What are the prime factors of 5464965?
3, 5, 11, 3011
List the prime factors of 491794.
2, 245897
What are the prime factors of 2751786?
2, 3, 131, 389
What are the prime factors of 1889404?
2, 11, 23, 1867
List the prime factors of 188292.
2, 3, 13, 17, 71
What are the prime factors of 54178?
2, 103, 263
List the prime factors of 457514.
2, 228757
List the prime factors of 8544274.
2, 313, 13649
What are the prime factors of 12007257?
3, 89, 44971
List the prime factors of 95944.
2, 67, 179
What are the prime factors of 1820396?
2, 455099
What are the prime factors of 3691123?
859, 4297
List the prime factors of 44445199.
19, 2339221
List the prime factors of 801502.
2, 13, 29, 1063
List the prime factors of 1813436.
2, 19, 107, 223
List the prime factors of 33566843.
33566843
What are the prime factors of 87860?
2, 5, 23, 191
List the prime factors of 94452.
2, 3, 17, 463
List the prime factors of 5381080.
2, 5, 23, 5849
List the prime factors of 145789.
7, 59, 353
List the prime factors of 1384550.
2, 5, 27691
What are the prime factors of 4272117?
3, 17, 211, 397
List the prime factors of 8843410.
2, 5, 884341
List the prime factors of 2186481.
3, 11, 59, 1123
What are the prime factors of 276618?
2, 3, 46103
List the prime factors of 3962785.
5, 17, 23, 2027
What are the prime factors of 599562?
2, 3, 3701
What are the prime factors of 7080?
2, 3, 5, 59
What are the prime factors of 319077?
3, 11, 293
What are the prime factors of 218581?
11, 31, 641
List the prime factors of 1830336.
2, 3, 9533
List the prime factors of 374978.
2, 433
List the prime factors of 30330.
2, 3, 5, 337
List the prime factors of 542849.
19, 28571
List the prime factors of 653224.
2, 11, 13, 571
List the prime factors of 30993.
3, 10331
What are the prime factors of 80782?
2, 13, 239
What are the prime factors of 305162?
2, 11, 13, 97
What are the prime factors of 1402706?
2, 257, 2729
List the prime factors of 5823439.
23, 67, 3779
List the prime factors of 522989.
522989
What are the prime factors of 617382?
2, 3, 37, 103
What are the prime factors of 5783901?
3, 1927967
What are the prime factors of 6030942?
2, 3, 19, 52903
List the prime factors of 115820.
2, 5, 5791
List the prime factors of 1446195.
3, 5, 67, 1439
List the prime factors of 1646198.
2, 19, 43321
What are the prime factors of 429404?
2, 107351
What are the prime factors of 160413?
3, 11, 4861
What are the prime factors of 28370825?
5, 7, 162119
List the prime factors of 3271150.
2, 5, 65423
What are the prime factors of 7780128?
2, 3, 81043
What are the prime factors of 596166?
2, 3, 67, 1483
List the prime factors of 3090698.
2, 13, 118873
List the prime factors of 1143891.
3, 7, 67, 271
List the prime factors of 361558.
2, 180779
What are the prime factors of 16857760?
2, 5, 105361
What are the prime factors of 8293225?
5, 23, 14423
List the prime factors of 80772.
2, 3, 53, 127
What are the prime factors of 13106842?
2, 7, 936203
What are the prime factors of 2766567?
3, 773, 1193
What are the prime factors of 2794636?
2, 13, 223, 241
List the prime factors of 301461.
3, 17, 23, 257
List the prime factors of 726338.
2, 47, 7727
What are the prime factors of 2525689?
19, 307, 433
What are the prime factors of 25294?
2, 12647
List the prime factors of 3957328.
2, 17, 14549
List the prime factors of 11981297.
11981297
List the prime factors of 4251481.
13, 23, 59, 241
What are the prime factors of 3160350?
2, 3, 5, 2341
What are the prime factors of 1753173?
3, 131, 1487
What are the prime factors of 406010?
2, 5, 11, 3691
List the prime factors of 8934469.
17, 373, 1409
What are the prime factors of 8125927?
8125927
List the prime factors of 5601734.
2, 953, 2939
What are the prime factors of 47693?
37, 1289
List the prime factors of 391778.
2, 31, 71, 89
What are the prime factors of 9535623?
3, 17, 181, 1033
List the prime factors of 2951543.
7, 557, 757
What are the prime factors of 4597368?
2, 3, 223, 859
List the prime factors of 4004008.
2, 500501
List the prime factors of 4851949.
4851949
What are the prime factors of 567168?
2, 3, 7, 211
List the prime factors of 140089.
31, 4519
List the prime factors of 1846182.
2, 3, 13, 23669
What are the prime factors of 157807?
13, 61, 199
What are the prime factors of 711729?
3, 31, 2551
List the prime factors of 6288806.
2, 3144403
List the prime factors of 6689391.
3, 173, 12889
List the prime factors of 3821339.
31, 123269
What are the prime factors of 2335?
5, 467
What are the prime factors of 243258?
2, 3, 40543
What are the prime factors of 234289?
11, 19, 59
What are the prime factors of 161201?
161201
What are the prime factors of 804634?
2, 29, 13873
What are the prime factors of 1831515?
3, 5, 7, 17443
What are the prime factors of 154930?
2, 5, 15493
List the prime factors of 7529623.
17, 442919
What are the prime factors of 3659589?
3, 149, 2729
What are the prime factors of 1256100?
2, 3, 5, 53, 79
What are the prime factors of 218680?
2, 5, 7, 11, 71
What are the prime factors of 265221?
3, 11, 19, 47
What are the prime factors of 510889?
510889
What are the prime factors of 487860?
2, 3, 5, 47, 173
What are the prime factors of 14040717?
3, 101, 149, 311
What are the prime factors of 18779601?
3, 6259867
What are the prime factors of 125815?
5, 25163
What are the prime factors of 461338?
2, 251, 919
List the prime factors of 563905.
5, 29, 3889
List the prime factors of 1944432.
2, 3, 7, 643
What are the prime factors of 284382?
2, 3, 7, 37, 61
List the prime factors of 2774045.
5, 503, 1103
What are the prime factors of 18795946?
2, 13, 722921
What are the prime factors of 160177?
31, 5167
List the prime factors of 12416372.
2, 3104093
List the prime factors of 320780.
2, 5, 43, 373
What are the prime factors of 31377?
3, 10459
What are the prime factors of 177752?
2, 17, 1307
What are the prime factors of 3204659?
23, 139333
What are the prime factors of 1751278?
2, 389, 2251
What are the prime factors of 5184876?
2, 3, 432073
What are the prime factors of 6588424?
2, 823553
What are the prime factors of 3078531?
3, 342059
List the prime factors of 4543457.
149, 30493
What are the prime factors of 479074?
2, 31, 7727
List the prime factors of 1703698.
2, 31, 27479
List the prime factors of 573735.
3, 5, 23, 1663
What are the prime factors of 2520648?
2, 3, 13, 2693
List 